ide 2136462364?
True
Is 1574 a factor of 104038528?
False
Is 68 a factor of 377657693?
False
Is 3 a factor of 24798153?
True
Is 1014770810 a multiple of 730?
True
Is 65 a factor of 19972680?
True
Does 21 divide 1079299171?
False
Is 116 a factor of 19656780?
True
Is 212946668 a multiple of 409?
True
Does 8166 divide 7242735708?
True
Does 23 divide 74754025?
True
Does 429 divide 276113409?
True
Is 673 a factor of 11588081?
False
Does 24 divide 5946912?
True
Does 415 divide 2334296815?
False
Is 784593078 a multiple of 397?
False
Is 29146404 a multiple of 42?
True
Is 19 a factor of 708636578?
True
Is 22 a factor of 781049368?
True
Does 214 divide 14333839?
False
Is 97 a factor of 486457134?
True
Does 57 divide 63900003?
False
Does 158 divide 2184537704?
True
Is 112 a factor of 252449456?
True
Is 214 a factor of 8721510?
False
Does 212 divide 1255685242?
False
Is 4754906 a multiple of 199?
True
Is 1374 a factor of 232093149?
False
Is 17 a factor of 10272241?
False
Is 240860400 a multiple of 132?
True
Is 1581 a factor of 13443993?
False
Is 3017912 a multiple of 566?
True
Does 39 divide 46013955?
True
Is 315839645 a multiple of 1256?
False
Does 397 divide 2278974235?
False
Does 14 divide 273929111?
False
Is 836615880 a multiple of 7704?
True
Is 229020383 a multiple of 11?
False
Is 79 a factor of 428890289?
True
Does 4 divide 6132787?
False
Is 1161535376 a multiple of 2146?
True
Does 36 divide 100764?
True
Does 6832 divide 2461514156?
False
Does 6472 divide 891873960?
True
Is 228575424 a multiple of 264?
True
Is 54 a factor of 4219743595?
False
Does 12 divide 310556004?
True
Is 1953757599 a multiple of 47?
False
Is 398 a factor of 42209890?
True
Is 11313056 a multiple of 163?
False
Is 855611059 a multiple of 19?
True
Is 1214257590 a multiple of 857?
True
Is 129 a factor of 84067628?
False
Is 373 a factor of 94960036?
False
Does 16 divide 25955274?
False
Does 6 divide 101903777?
False
Does 1096 divide 212431635?
False
Is 244 a factor of 1056610092?
False
Is 17 a factor of 216482318?
True
Is 909775580 a multiple of 289?
False
Is 7 a factor of 224026866?
True
Is 31476 a multiple of 56?
False
Does 13 divide 193250173?
False
Does 80 divide 779913326?
False
Does 375 divide 5703375?
True
Is 2920651272 a multiple of 2244?
True
Is 17 a factor of 55227135?
True
Does 18 divide 150268677?
False
Is 52571010 a multiple of 2459?
False
Is 801917254 a multiple of 10?
False
Does 1391 divide 308557184?
True
Is 5030630 a multiple of 110?
True
Is 578 a factor of 84881905?
False
Is 414541350 a multiple of 450?
True
Does 3 divide 11928375?
True
Is 38 a factor of 9149032?
True
Does 2037 divide 58085055?
True
Is 477645978 a multiple of 31?
False
Does 11 divide 13411135?
False
Is 319075737 a multiple of 5287?
True
Does 3 divide 8209146?
True
Is 469 a factor of 10346609?
True
Is 229 a factor of 2140892833?
True
Is 194681098 a multiple of 14?
False
Is 45666292 a multiple of 50?
False
Is 3 a factor of 128966900?
False
Is 7 a factor of 1111142?
False
Is 292971128 a multiple of 18?
False
Is 2 a factor of 19222617?
False
Does 29 divide 445240161?
True
Is 122092880 a multiple of 728?
True
Is 885855827 a multiple of 36?
False
Is 268 a factor of 40974588?
False
Is 402686070 a multiple of 690?
True
Is 5 a factor of 31844660?
True
Is 330884775 a multiple of 2925?
True
Does 204 divide 17431596?
True
Is 9 a factor of 1079127?
True
Does 126 divide 1533723?
False
Is 529279248 a multiple of 4552?
True
Is 12 a factor of 412445876?
False
Does 3 divide 49164206?
False
Is 6 a factor of 564049611?
False
Does 1207 divide 471503729?
False
Does 89 divide 223688624?
False
Does 25 divide 1153992300?
True
Is 571 a factor of 19086817?
True
Is 3637456799 a multiple of 17?
True
Does 22 divide 51196757?
False
Does 196 divide 2152649772?
True
Does 35 divide 726870060?
True
Does 1638 divide 30756726?
True
Is 189483583 a multiple of 1481?
True
Does 4312 divide 118696424?
True
Does 276 divide 37987180?
False
Does 2502 divide 2735594226?
True
Does 1277 divide 189648291?
False
Does 145 divide 76757277?
False
Does 7 divide 20772402?
True
Does 44 divide 48787222?
False
Does 251 divide 12073100?
True
Does 2693 divide 352151733?
False
Does 14 divide 370089423?
False
Is 14 a factor of 3009666100?
True
Is 12265400 a multiple of 174?
False
Is 3893 a factor of 76034334?
False
Is 30 a factor of 23758237?
False
Is 7 a factor of 1052325239?
True
Is 836 a factor of 51582992?
False
Is 15 a factor of 26151585?
True
Is 569357492 a multiple of 4?
True
Is 4424 a factor of 2315697450?
False
Is 280 a factor of 69413885?
False
Is 54 a factor of 796662?
True
Is 10946409 a multiple of 5?
False
Is 96 a factor of 466208355?
False
Is 78534052 a multiple of 5?
False
Does 14 divide 976665081?
False
Does 2912 divide 51431744?
True
Is 76 a factor of 70863844?
True
Does 655 divide 26272676?
False
Is 155 a factor of 136977048?
False
Is 5656589 a multiple of 69?
False
Does 6 divide 349226470?
False
Is 107504163 a multiple of 117?
True
Is 2366 a factor of 20756918?
True
Does 9 divide 82256940?
True
Is 13516105 a multiple of 4?
False
Is 788925744 a multiple of 1566?
True
Is 264 a factor of 18731592?
True
Is 1023 a factor of 246607117?
False
Is 27940290 a multiple of 20?
False
Does 69 divide 23961975?
True
Does 11 divide 163350?
True
Is 18 a factor of 28708614?
True
Is 43036092 a multiple of 6?
True
Does 13 divide 49056592?
True
Is 237 a factor of 58649434?
False
Does 3 divide 1106340526?
False
Is 40 a factor of 4311080?
True
Does 17 divide 40653001?
True
Is 25 a factor of 11264936?
False
Is 148586928 a multiple of 42?
True
Is 5091 a factor of 496832735?
False
Is 160 a factor of 299565120?
True
Does 38 divide 464539086?
False
Is 8 a factor of 85714184?
True
Is 17 a factor of 3629376?
False
Does 1222 divide 128738922?
True
Is 587207940 a multiple of 46?
True
Is 1501 a factor of 29655257?
True
Is 10 a factor of 2692980?
True
Is 4731 a factor of 102634314?
True
Is 90813626 a multiple of 2006?
True
Does 57 divide 17063520?
True
Does 40 divide 962452234?
False
Does 109 divide 26818142?
True
Is 32943417 a multiple of 39?
True
Is 83 a factor of 5008698?
False
Is 23 a factor of 211618975?
True
Is 29486160 a multiple of 204?
True
Is 15888900 a multiple of 100?
True
Does 2051 divide 87093664?
True
Is 310177139 a multiple of 6939?
False
Is 5005859 a multiple of 31?
False
Is 128593740 a multiple of 110?
True
Is 1353647934 a multiple of 16?
False
Is 514211588 a multiple of 362?
True
Is 193 a factor of 787632228?
True
Is 6150 a factor of 1740760970?
False
Is 897 a factor of 621614653?
False
Is 2463072588 a multiple of 6923?
False
Does 38 divide 75836752?
True
Is 22 a factor of 587389288?
False
Is 274 a factor of 1999434401?
False
Does 15 divide 2675959?
False
Is 173427888 a multiple of 496?
True
Is 342 a factor of 1928371104?
True
Is 136497438 a multiple of 294?
True
Is 98130627 a multiple of 1631?
False
Is 323546229 a multiple of 1362?
False
Does 238 divide 572432169?
False
Does 2 divide 7930169?
False
Is 24 a factor of 699363432?
True
Does 3539 divide 234062382?
True
Is 129 a factor of 234176409?
True
Is 808343 a multiple of 56?
False
Is 337866854 a multiple of 1037?
False
Does 64 divide 2942383?
False
Does 78 divide 330165605?
False
Does 92 divide 97320636?
True
Is 818 a factor of 54136058?
True
Does 84 divide 58886772?
True
Is 238 a factor of 5438656?
False
Does 50 divide 848445150?
True
Is 45 a factor of 1672740765?
True
Does 29 divide 20936492?
True
Does 33 divide 1274856?
True
Is 88 a factor of 48276096?
True
Is 46 a factor of 98836607?
False
Is 5 a factor of 113041499?
False
Is 18620566 a multiple of 79?
False
Does 16 divide 42280560?
True
Is 149541193 a multiple of 39?
False
Does 7 divide 15004545?
False
Is 171 a factor of 568667048?
False
Does 46 divide 15121944?
False
Does 53 divide 691358?
False
Does 21 divide 543822235?
False
Is 60213418 a multiple of 212?
False
Does 44 divide 79821441?
False
Is 50116164 a multiple of 42?
True
Is 50370100 a multiple of 44?
True
Is 38 a factor of 594598926?
False
Is 53025400 a multiple of 940?
True
Is 3427429352 a multiple of 11?
False
Is 130263310 a multiple of 466?
True
Is 889188960 a multiple of 8?
True
Is 25947104 a multiple of 424?
True
Is 447605568 a multiple of 3448?
True
Does 19 divide 1123236640?
False